{"id":193,"date":"2021-10-08T17:49:54","date_gmt":"2021-10-08T17:49:54","guid":{"rendered":"https:\/\/www.rassegefluegel.com\/?page_id=193"},"modified":"2025-01-12T08:09:30","modified_gmt":"2025-01-12T08:09:30","slug":"start","status":"publish","type":"page","link":"https:\/\/www.rassegefluegel.com\/index.php\/start\/","title":{"rendered":"Home"},"content":{"rendered":"\t\t<div data-elementor-type=\"wp-page\" data-elementor-id=\"193\" class=\"elementor elementor-193\" data-elementor-post-type=\"page\">\n\t\t\t\t\t\t<section class=\"elementor-section elementor-top-section elementor-element elementor-element-5086a3a elementor-section-boxed elementor-section-height-default elementor-section-height-default\" data-id=\"5086a3a\" data-element_type=\"section\" data-e-type=\"section\">\n\t\t\t\t\t\t<div class=\"elementor-container elementor-column-gap-default\">\n\t\t\t\t\t<div class=\"elementor-column elementor-col-100 elementor-top-column elementor-element elementor-element-c942bdc\" data-id=\"c942bdc\" data-element_type=\"column\" data-e-type=\"column\">\n\t\t\t<div class=\"elementor-widget-wrap elementor-element-populated\">\n\t\t\t\t\t\t<div class=\"elementor-element elementor-element-5d4c969 elementor-widget elementor-widget-counter\" data-id=\"5d4c969\" data-element_type=\"widget\" data-e-type=\"widget\" data-widget_type=\"counter.default\">\n\t\t\t\t<div class=\"elementor-widget-container\">\n\t\t\t\t\t\t\t<div class=\"elementor-counter\">\n\t\t\t<div class=\"elementor-counter-title\">Coole Zahl<\/div>\t\t\t<div class=\"elementor-counter-number-wrapper\">\n\t\t\t\t<span class=\"elementor-counter-number-prefix\"><\/span>\n\t\t\t\t<span class=\"elementor-counter-number\" data-duration=\"2000\" data-to-value=\"100\" data-from-value=\"0\" data-delimiter=\",\">0<\/span>\n\t\t\t\t<span class=\"elementor-counter-number-suffix\"><\/span>\n\t\t\t<\/div>\n\t\t<\/div>\n\t\t\t\t\t\t<\/div>\n\t\t\t\t<\/div>\n\t\t\t\t\t<\/div>\n\t\t<\/div>\n\t\t\t\t\t<\/div>\n\t\t<\/section>\n\t\t\t\t<\/div>\n\t\t","protected":false},"excerpt":{"rendered":"<p>Coole Zahl 0<\/p>\n","protected":false},"author":1,"featured_media":1032,"parent":0,"menu_order":0,"comment_status":"closed","ping_status":"closed","template":"","meta":{"footnotes":""},"class_list":["post-193","page","type-page","status-publish","has-post-thumbnail","hentry"],"yoast_head":"<!-- This site is optimized with the Yoast SEO plugin v27.0 - https:\/\/yoast.com\/product\/yoast-seo-wordpress\/ -->\n<title>Home - Rassegefl\u00fcgelzucht Gnigler<\/title>\n<meta name=\"description\" content=\"rassegefl\u00fcgel\" \/>\n<meta name=\"robots\" content=\"index, follow, max-snippet:-1, max-image-preview:large, max-video-preview:-1\" \/>\n<link rel=\"canonical\" href=\"https:\/\/www.rassegefluegel.com\/index.php\/start\/\" \/>\n<meta property=\"og:locale\" content=\"de_DE\" \/>\n<meta property=\"og:type\" content=\"article\" \/>\n<meta property=\"og:title\" content=\"Ktzv.E26 Neukirchen-V\u00f6cklabruck\" \/>\n<meta property=\"og:description\" content=\"Information \u00fcber den Verein\" \/>\n<meta property=\"og:url\" content=\"https:\/\/www.rassegefluegel.com\/index.php\/start\/\" \/>\n<meta property=\"og:site_name\" content=\"Rassegefl\u00fcgelzucht Gnigler\" \/>\n<meta property=\"article:publisher\" content=\"https:\/\/www.facebook.com\/groups\/1841461572711239\" \/>\n<meta property=\"article:modified_time\" content=\"2025-01-12T08:09:30+00:00\" \/>\n<meta property=\"og:image\" content=\"https:\/\/www.rassegefluegel.com\/wp-content\/uploads\/2021\/12\/cropped-cropped-Rassegefluegelzucht-Gnigler.jpg\" \/>\n\t<meta property=\"og:image:width\" content=\"1920\" \/>\n\t<meta property=\"og:image:height\" content=\"1080\" \/>\n\t<meta property=\"og:image:type\" content=\"image\/jpeg\" \/>\n<meta name=\"twitter:card\" content=\"summary_large_image\" \/>\n<script type=\"application\/ld+json\" class=\"yoast-schema-graph\">{\"@context\":\"https:\/\/schema.org\",\"@graph\":[{\"@type\":\"WebPage\",\"@id\":\"https:\/\/www.rassegefluegel.com\/index.php\/start\/\",\"url\":\"https:\/\/www.rassegefluegel.com\/index.php\/start\/\",\"name\":\"Home - Rassegefl\u00fcgelzucht Gnigler\",\"isPartOf\":{\"@id\":\"https:\/\/www.rassegefluegel.com\/#website\"},\"primaryImageOfPage\":{\"@id\":\"https:\/\/www.rassegefluegel.com\/index.php\/start\/#primaryimage\"},\"image\":{\"@id\":\"https:\/\/www.rassegefluegel.com\/index.php\/start\/#primaryimage\"},\"thumbnailUrl\":\"https:\/\/www.rassegefluegel.com\/wp-content\/uploads\/2021\/11\/w10.jpg\",\"datePublished\":\"2021-10-08T17:49:54+00:00\",\"dateModified\":\"2025-01-12T08:09:30+00:00\",\"description\":\"rassegefl\u00fcgel\",\"breadcrumb\":{\"@id\":\"https:\/\/www.rassegefluegel.com\/index.php\/start\/#breadcrumb\"},\"inLanguage\":\"de\",\"potentialAction\":[{\"@type\":\"ReadAction\",\"target\":[\"https:\/\/www.rassegefluegel.com\/index.php\/start\/\"]}]},{\"@type\":\"ImageObject\",\"inLanguage\":\"de\",\"@id\":\"https:\/\/www.rassegefluegel.com\/index.php\/start\/#primaryimage\",\"url\":\"https:\/\/www.rassegefluegel.com\/wp-content\/uploads\/2021\/11\/w10.jpg\",\"contentUrl\":\"https:\/\/www.rassegefluegel.com\/wp-content\/uploads\/2021\/11\/w10.jpg\",\"width\":384,\"height\":512},{\"@type\":\"BreadcrumbList\",\"@id\":\"https:\/\/www.rassegefluegel.com\/index.php\/start\/#breadcrumb\",\"itemListElement\":[{\"@type\":\"ListItem\",\"position\":1,\"name\":\"Startseite\",\"item\":\"https:\/\/www.rassegefluegel.com\/\"},{\"@type\":\"ListItem\",\"position\":2,\"name\":\"Home\"}]},{\"@type\":\"WebSite\",\"@id\":\"https:\/\/www.rassegefluegel.com\/#website\",\"url\":\"https:\/\/www.rassegefluegel.com\/\",\"name\":\"Rassegefl\u00fcgelzucht Gnigler\",\"description\":\"\",\"publisher\":{\"@id\":\"https:\/\/www.rassegefluegel.com\/#\/schema\/person\/c5affc1c140cba40bc617dc56df22f0c\"},\"potentialAction\":[{\"@type\":\"SearchAction\",\"target\":{\"@type\":\"EntryPoint\",\"urlTemplate\":\"https:\/\/www.rassegefluegel.com\/?s={search_term_string}\"},\"query-input\":{\"@type\":\"PropertyValueSpecification\",\"valueRequired\":true,\"valueName\":\"search_term_string\"}}],\"inLanguage\":\"de\"},{\"@type\":[\"Person\",\"Organization\"],\"@id\":\"https:\/\/www.rassegefluegel.com\/#\/schema\/person\/c5affc1c140cba40bc617dc56df22f0c\",\"name\":\"G\u00fcnther Gnigler\",\"image\":{\"@type\":\"ImageObject\",\"inLanguage\":\"de\",\"@id\":\"https:\/\/www.rassegefluegel.com\/#\/schema\/person\/image\/\",\"url\":\"https:\/\/www.rassegefluegel.com\/wp-content\/uploads\/2021\/12\/IMGP7406-2.jpg\",\"contentUrl\":\"https:\/\/www.rassegefluegel.com\/wp-content\/uploads\/2021\/12\/IMGP7406-2.jpg\",\"width\":645,\"height\":877,\"caption\":\"G\u00fcnther Gnigler\"},\"logo\":{\"@id\":\"https:\/\/www.rassegefluegel.com\/#\/schema\/person\/image\/\"},\"description\":\"Obmann des Ktzv.E26 Neukirchen-V\u00f6cklabruck Vizepr\u00e4sident des Rassezuchtverbandes O\u00d6 Kleintierz\u00fcchter\",\"sameAs\":[\"http:\/\/localhost\/wordpress\",\"https:\/\/www.facebook.com\/groups\/1841461572711239\"]}]}<\/script>\n<!-- \/ Yoast SEO plugin. -->","yoast_head_json":{"title":"Home - Rassegefl\u00fcgelzucht Gnigler","description":"rassegefl\u00fcgel","robots":{"index":"index","follow":"follow","max-snippet":"max-snippet:-1","max-image-preview":"max-image-preview:large","max-video-preview":"max-video-preview:-1"},"canonical":"https:\/\/www.rassegefluegel.com\/index.php\/start\/","og_locale":"de_DE","og_type":"article","og_title":"Ktzv.E26 Neukirchen-V\u00f6cklabruck","og_description":"Information \u00fcber den Verein","og_url":"https:\/\/www.rassegefluegel.com\/index.php\/start\/","og_site_name":"Rassegefl\u00fcgelzucht Gnigler","article_publisher":"https:\/\/www.facebook.com\/groups\/1841461572711239","article_modified_time":"2025-01-12T08:09:30+00:00","og_image":[{"width":1920,"height":1080,"url":"https:\/\/www.rassegefluegel.com\/wp-content\/uploads\/2021\/12\/cropped-cropped-Rassegefluegelzucht-Gnigler.jpg","type":"image\/jpeg"}],"twitter_card":"summary_large_image","schema":{"@context":"https:\/\/schema.org","@graph":[{"@type":"WebPage","@id":"https:\/\/www.rassegefluegel.com\/index.php\/start\/","url":"https:\/\/www.rassegefluegel.com\/index.php\/start\/","name":"Home - Rassegefl\u00fcgelzucht Gnigler","isPartOf":{"@id":"https:\/\/www.rassegefluegel.com\/#website"},"primaryImageOfPage":{"@id":"https:\/\/www.rassegefluegel.com\/index.php\/start\/#primaryimage"},"image":{"@id":"https:\/\/www.rassegefluegel.com\/index.php\/start\/#primaryimage"},"thumbnailUrl":"https:\/\/www.rassegefluegel.com\/wp-content\/uploads\/2021\/11\/w10.jpg","datePublished":"2021-10-08T17:49:54+00:00","dateModified":"2025-01-12T08:09:30+00:00","description":"rassegefl\u00fcgel","breadcrumb":{"@id":"https:\/\/www.rassegefluegel.com\/index.php\/start\/#breadcrumb"},"inLanguage":"de","potentialAction":[{"@type":"ReadAction","target":["https:\/\/www.rassegefluegel.com\/index.php\/start\/"]}]},{"@type":"ImageObject","inLanguage":"de","@id":"https:\/\/www.rassegefluegel.com\/index.php\/start\/#primaryimage","url":"https:\/\/www.rassegefluegel.com\/wp-content\/uploads\/2021\/11\/w10.jpg","contentUrl":"https:\/\/www.rassegefluegel.com\/wp-content\/uploads\/2021\/11\/w10.jpg","width":384,"height":512},{"@type":"BreadcrumbList","@id":"https:\/\/www.rassegefluegel.com\/index.php\/start\/#breadcrumb","itemListElement":[{"@type":"ListItem","position":1,"name":"Startseite","item":"https:\/\/www.rassegefluegel.com\/"},{"@type":"ListItem","position":2,"name":"Home"}]},{"@type":"WebSite","@id":"https:\/\/www.rassegefluegel.com\/#website","url":"https:\/\/www.rassegefluegel.com\/","name":"Rassegefl\u00fcgelzucht Gnigler","description":"","publisher":{"@id":"https:\/\/www.rassegefluegel.com\/#\/schema\/person\/c5affc1c140cba40bc617dc56df22f0c"},"potentialAction":[{"@type":"SearchAction","target":{"@type":"EntryPoint","urlTemplate":"https:\/\/www.rassegefluegel.com\/?s={search_term_string}"},"query-input":{"@type":"PropertyValueSpecification","valueRequired":true,"valueName":"search_term_string"}}],"inLanguage":"de"},{"@type":["Person","Organization"],"@id":"https:\/\/www.rassegefluegel.com\/#\/schema\/person\/c5affc1c140cba40bc617dc56df22f0c","name":"G\u00fcnther Gnigler","image":{"@type":"ImageObject","inLanguage":"de","@id":"https:\/\/www.rassegefluegel.com\/#\/schema\/person\/image\/","url":"https:\/\/www.rassegefluegel.com\/wp-content\/uploads\/2021\/12\/IMGP7406-2.jpg","contentUrl":"https:\/\/www.rassegefluegel.com\/wp-content\/uploads\/2021\/12\/IMGP7406-2.jpg","width":645,"height":877,"caption":"G\u00fcnther Gnigler"},"logo":{"@id":"https:\/\/www.rassegefluegel.com\/#\/schema\/person\/image\/"},"description":"Obmann des Ktzv.E26 Neukirchen-V\u00f6cklabruck Vizepr\u00e4sident des Rassezuchtverbandes O\u00d6 Kleintierz\u00fcchter","sameAs":["http:\/\/localhost\/wordpress","https:\/\/www.facebook.com\/groups\/1841461572711239"]}]}},"_links":{"self":[{"href":"https:\/\/www.rassegefluegel.com\/index.php\/wp-json\/wp\/v2\/pages\/193","targetHints":{"allow":["GET"]}}],"collection":[{"href":"https:\/\/www.rassegefluegel.com\/index.php\/wp-json\/wp\/v2\/pages"}],"about":[{"href":"https:\/\/www.rassegefluegel.com\/index.php\/wp-json\/wp\/v2\/types\/page"}],"author":[{"embeddable":true,"href":"https:\/\/www.rassegefluegel.com\/index.php\/wp-json\/wp\/v2\/users\/1"}],"replies":[{"embeddable":true,"href":"https:\/\/www.rassegefluegel.com\/index.php\/wp-json\/wp\/v2\/comments?post=193"}],"version-history":[{"count":135,"href":"https:\/\/www.rassegefluegel.com\/index.php\/wp-json\/wp\/v2\/pages\/193\/revisions"}],"predecessor-version":[{"id":2840,"href":"https:\/\/www.rassegefluegel.com\/index.php\/wp-json\/wp\/v2\/pages\/193\/revisions\/2840"}],"wp:featuredmedia":[{"embeddable":true,"href":"https:\/\/www.rassegefluegel.com\/index.php\/wp-json\/wp\/v2\/media\/1032"}],"wp:attachment":[{"href":"https:\/\/www.rassegefluegel.com\/index.php\/wp-json\/wp\/v2\/media?parent=193"}],"curies":[{"name":"wp","href":"https:\/\/api.w.org\/{rel}","templated":true}]}}