{"id":200,"date":"2021-10-08T17:45:30","date_gmt":"2021-10-08T17:45:30","guid":{"rendered":"https:\/\/www.rassegefluegel.com\/?page_id=200"},"modified":"2025-01-10T08:44:36","modified_gmt":"2025-01-10T08:44:36","slug":"impressum","status":"publish","type":"page","link":"https:\/\/www.rassegefluegel.com\/index.php\/impressum\/","title":{"rendered":"Impressum"},"content":{"rendered":"\t\t<div data-elementor-type=\"wp-page\" data-elementor-id=\"200\" class=\"elementor elementor-200\" data-elementor-post-type=\"page\">\n\t\t\t\t\t\t<section class=\"elementor-section elementor-top-section elementor-element elementor-element-355c173 elementor-section-height-min-height elementor-section-boxed elementor-section-height-default elementor-section-items-middle\" data-id=\"355c173\" data-element_type=\"section\" data-e-type=\"section\">\n\t\t\t\t\t\t<div class=\"elementor-container elementor-column-gap-default\">\n\t\t\t\t\t<div class=\"elementor-column elementor-col-100 elementor-top-column elementor-element elementor-element-0ba996c\" data-id=\"0ba996c\" data-element_type=\"column\" data-e-type=\"column\">\n\t\t\t<div class=\"elementor-widget-wrap elementor-element-populated\">\n\t\t\t\t\t\t<div class=\"elementor-element elementor-element-38c2309 elementor-widget elementor-widget-text-editor\" data-id=\"38c2309\" data-element_type=\"widget\" data-e-type=\"widget\" data-widget_type=\"text-editor.default\">\n\t\t\t\t<div class=\"elementor-widget-container\">\n\t\t\t\t\t\t\t\t\t<h6><span style=\"color: #000000;\">Kleintierzuchtverein E26 Neukirchen-V\u00f6cklabruck<\/span><br \/><span style=\"color: #000000;\">Tierschutz, Naturschutz und Umweltschutz<\/span><\/h6><p>\u00a0<\/p><h6><span style=\"color: #000000;\">ZVR-Nummer 664961186<\/span><br \/><span style=\"color: #000000;\">Eingetragener Verein<\/span><\/h6><p>\u00a0<\/p><h6><span style=\"color: #000000;\"><strong>Administrator: <\/strong>G\u00fcnther Gnigler<\/span><br \/><span style=\"color: #000000;\">Erlat 10\/1, A-4881 Strass i. Attergau<\/span><\/h6><p>\u00a0<\/p><h6><span style=\"color: #000000;\">Telefon: 00436643848750<br \/>E-Mail: <a style=\"color: #000000;\" href=\"mailto:g.gnigler@gmail.com\">g.gnigler@gmail.com<\/a><\/span><\/h6><p>\u00a0<\/p><h6><span style=\"color: #000000;\"><strong>Inhalte und Bilder unterliegen dem Urheberrecht des Administrators<\/strong><\/span><\/h6><p>\u00a0<\/p><h6><span style=\"color: #000000;\"><strong>Haftungshinweis:<\/strong><br \/>F\u00fcr die Inhalte externer Links wird keine Haftung \u00fcbernommen. Die Verantwortung liegt bei den Betreibern.<\/span><\/h6><p><br \/><br \/><\/p>\t\t\t\t\t\t\t\t<\/div>\n\t\t\t\t<\/div>\n\t\t\t\t\t<\/div>\n\t\t<\/div>\n\t\t\t\t\t<\/div>\n\t\t<\/section>\n\t\t\t\t<section class=\"elementor-section elementor-top-section elementor-element elementor-element-4fa8c05 elementor-section-boxed elementor-section-height-default elementor-section-height-default\" data-id=\"4fa8c05\" data-element_type=\"section\" data-e-type=\"section\">\n\t\t\t\t\t\t<div class=\"elementor-container elementor-column-gap-default\">\n\t\t\t\t\t<div class=\"elementor-column elementor-col-100 elementor-top-column elementor-element elementor-element-b3a58ee\" data-id=\"b3a58ee\" data-element_type=\"column\" data-e-type=\"column\">\n\t\t\t<div class=\"elementor-widget-wrap elementor-element-populated\">\n\t\t\t\t\t\t<div class=\"elementor-element elementor-element-92ea677 elementor-widget-divider--view-line elementor-widget elementor-widget-divider\" data-id=\"92ea677\" data-element_type=\"widget\" data-e-type=\"widget\" data-widget_type=\"divider.default\">\n\t\t\t\t<div class=\"elementor-widget-container\">\n\t\t\t\t\t\t\t<div class=\"elementor-divider\">\n\t\t\t<span class=\"elementor-divider-separator\">\n\t\t\t\t\t\t<\/span>\n\t\t<\/div>\n\t\t\t\t\t\t<\/div>\n\t\t\t\t<\/div>\n\t\t\t\t\t<\/div>\n\t\t<\/div>\n\t\t\t\t\t<\/div>\n\t\t<\/section>\n\t\t\t\t<\/div>\n\t\t","protected":false},"excerpt":{"rendered":"<p>Kleintierzuchtverein E26 Neukirchen-V\u00f6cklabruckTierschutz, Naturschutz und Umweltschutz \u00a0 ZVR-Nummer 664961186Eingetragener Verein \u00a0 Administrator: G\u00fcnther GniglerErlat 10\/1, A-4881 Strass i. Attergau \u00a0 Telefon: 00436643848750E-Mail: g.gnigler@gmail.com \u00a0 Inhalte und Bilder unterliegen dem Urheberrecht des&hellip;<\/p>\n","protected":false},"author":1,"featured_media":0,"parent":0,"menu_order":0,"comment_status":"closed","ping_status":"closed","template":"","meta":{"footnotes":""},"class_list":["post-200","page","type-page","status-publish","hentry"],"yoast_head":"<!-- This site is optimized with the Yoast SEO plugin v27.0 - https:\/\/yoast.com\/product\/yoast-seo-wordpress\/ -->\n<title>Impressum - Rassegefl\u00fcgelzucht Gnigler<\/title>\n<meta name=\"description\" content=\"Information \u00fcber Rassegefl\u00fcgelzucht Gnigler und dem Ktzv. E26 Neukirchen-V\u00f6cklabruck\" \/>\n<meta name=\"robots\" content=\"index, follow, max-snippet:-1, max-image-preview:large, max-video-preview:-1\" \/>\n<link rel=\"canonical\" href=\"https:\/\/www.rassegefluegel.com\/index.php\/impressum\/\" \/>\n<meta property=\"og:locale\" content=\"de_DE\" \/>\n<meta property=\"og:type\" content=\"article\" \/>\n<meta property=\"og:title\" content=\"Impressum - Rassegefl\u00fcgelzucht Gnigler\" \/>\n<meta property=\"og:description\" content=\"Information \u00fcber Rassegefl\u00fcgelzucht Gnigler und dem Ktzv. E26 Neukirchen-V\u00f6cklabruck\" \/>\n<meta property=\"og:url\" content=\"https:\/\/www.rassegefluegel.com\/index.php\/impressum\/\" \/>\n<meta property=\"og:site_name\" content=\"Rassegefl\u00fcgelzucht Gnigler\" \/>\n<meta property=\"article:publisher\" content=\"https:\/\/www.facebook.com\/groups\/1841461572711239\" \/>\n<meta property=\"article:modified_time\" content=\"2025-01-10T08:44:36+00:00\" \/>\n<meta property=\"og:image\" content=\"https:\/\/www.rassegefluegel.com\/wp-content\/uploads\/2021\/12\/cropped-cropped-Rassegefluegelzucht-Gnigler.jpg\" \/>\n\t<meta property=\"og:image:width\" content=\"1920\" \/>\n\t<meta property=\"og:image:height\" content=\"1080\" \/>\n\t<meta property=\"og:image:type\" content=\"image\/jpeg\" \/>\n<meta name=\"twitter:card\" content=\"summary_large_image\" \/>\n<meta name=\"twitter:label1\" content=\"Gesch\u00e4tzte Lesezeit\" \/>\n\t<meta name=\"twitter:data1\" content=\"1\u00a0Minute\" \/>\n<script type=\"application\/ld+json\" class=\"yoast-schema-graph\">{\"@context\":\"https:\/\/schema.org\",\"@graph\":[{\"@type\":\"WebPage\",\"@id\":\"https:\/\/www.rassegefluegel.com\/index.php\/impressum\/\",\"url\":\"https:\/\/www.rassegefluegel.com\/index.php\/impressum\/\",\"name\":\"Impressum - Rassegefl\u00fcgelzucht Gnigler\",\"isPartOf\":{\"@id\":\"https:\/\/www.rassegefluegel.com\/#website\"},\"datePublished\":\"2021-10-08T17:45:30+00:00\",\"dateModified\":\"2025-01-10T08:44:36+00:00\",\"description\":\"Information \u00fcber Rassegefl\u00fcgelzucht Gnigler und dem Ktzv. E26 Neukirchen-V\u00f6cklabruck\",\"breadcrumb\":{\"@id\":\"https:\/\/www.rassegefluegel.com\/index.php\/impressum\/#breadcrumb\"},\"inLanguage\":\"de\",\"potentialAction\":[{\"@type\":\"ReadAction\",\"target\":[\"https:\/\/www.rassegefluegel.com\/index.php\/impressum\/\"]}]},{\"@type\":\"BreadcrumbList\",\"@id\":\"https:\/\/www.rassegefluegel.com\/index.php\/impressum\/#breadcrumb\",\"itemListElement\":[{\"@type\":\"ListItem\",\"position\":1,\"name\":\"Startseite\",\"item\":\"https:\/\/www.rassegefluegel.com\/\"},{\"@type\":\"ListItem\",\"position\":2,\"name\":\"Impressum\"}]},{\"@type\":\"WebSite\",\"@id\":\"https:\/\/www.rassegefluegel.com\/#website\",\"url\":\"https:\/\/www.rassegefluegel.com\/\",\"name\":\"Rassegefl\u00fcgelzucht Gnigler\",\"description\":\"\",\"publisher\":{\"@id\":\"https:\/\/www.rassegefluegel.com\/#\/schema\/person\/c5affc1c140cba40bc617dc56df22f0c\"},\"potentialAction\":[{\"@type\":\"SearchAction\",\"target\":{\"@type\":\"EntryPoint\",\"urlTemplate\":\"https:\/\/www.rassegefluegel.com\/?s={search_term_string}\"},\"query-input\":{\"@type\":\"PropertyValueSpecification\",\"valueRequired\":true,\"valueName\":\"search_term_string\"}}],\"inLanguage\":\"de\"},{\"@type\":[\"Person\",\"Organization\"],\"@id\":\"https:\/\/www.rassegefluegel.com\/#\/schema\/person\/c5affc1c140cba40bc617dc56df22f0c\",\"name\":\"G\u00fcnther Gnigler\",\"image\":{\"@type\":\"ImageObject\",\"inLanguage\":\"de\",\"@id\":\"https:\/\/www.rassegefluegel.com\/#\/schema\/person\/image\/\",\"url\":\"https:\/\/www.rassegefluegel.com\/wp-content\/uploads\/2021\/12\/IMGP7406-2.jpg\",\"contentUrl\":\"https:\/\/www.rassegefluegel.com\/wp-content\/uploads\/2021\/12\/IMGP7406-2.jpg\",\"width\":645,\"height\":877,\"caption\":\"G\u00fcnther Gnigler\"},\"logo\":{\"@id\":\"https:\/\/www.rassegefluegel.com\/#\/schema\/person\/image\/\"},\"description\":\"Obmann des Ktzv.E26 Neukirchen-V\u00f6cklabruck Vizepr\u00e4sident des Rassezuchtverbandes O\u00d6 Kleintierz\u00fcchter\",\"sameAs\":[\"http:\/\/localhost\/wordpress\",\"https:\/\/www.facebook.com\/groups\/1841461572711239\"]}]}<\/script>\n<!-- \/ Yoast SEO plugin. -->","yoast_head_json":{"title":"Impressum - Rassegefl\u00fcgelzucht Gnigler","description":"Information \u00fcber Rassegefl\u00fcgelzucht Gnigler und dem Ktzv. E26 Neukirchen-V\u00f6cklabruck","robots":{"index":"index","follow":"follow","max-snippet":"max-snippet:-1","max-image-preview":"max-image-preview:large","max-video-preview":"max-video-preview:-1"},"canonical":"https:\/\/www.rassegefluegel.com\/index.php\/impressum\/","og_locale":"de_DE","og_type":"article","og_title":"Impressum - Rassegefl\u00fcgelzucht Gnigler","og_description":"Information \u00fcber Rassegefl\u00fcgelzucht Gnigler und dem Ktzv. E26 Neukirchen-V\u00f6cklabruck","og_url":"https:\/\/www.rassegefluegel.com\/index.php\/impressum\/","og_site_name":"Rassegefl\u00fcgelzucht Gnigler","article_publisher":"https:\/\/www.facebook.com\/groups\/1841461572711239","article_modified_time":"2025-01-10T08:44:36+00:00","og_image":[{"width":1920,"height":1080,"url":"https:\/\/www.rassegefluegel.com\/wp-content\/uploads\/2021\/12\/cropped-cropped-Rassegefluegelzucht-Gnigler.jpg","type":"image\/jpeg"}],"twitter_card":"summary_large_image","twitter_misc":{"Gesch\u00e4tzte Lesezeit":"1\u00a0Minute"},"schema":{"@context":"https:\/\/schema.org","@graph":[{"@type":"WebPage","@id":"https:\/\/www.rassegefluegel.com\/index.php\/impressum\/","url":"https:\/\/www.rassegefluegel.com\/index.php\/impressum\/","name":"Impressum - Rassegefl\u00fcgelzucht Gnigler","isPartOf":{"@id":"https:\/\/www.rassegefluegel.com\/#website"},"datePublished":"2021-10-08T17:45:30+00:00","dateModified":"2025-01-10T08:44:36+00:00","description":"Information \u00fcber Rassegefl\u00fcgelzucht Gnigler und dem Ktzv. E26 Neukirchen-V\u00f6cklabruck","breadcrumb":{"@id":"https:\/\/www.rassegefluegel.com\/index.php\/impressum\/#breadcrumb"},"inLanguage":"de","potentialAction":[{"@type":"ReadAction","target":["https:\/\/www.rassegefluegel.com\/index.php\/impressum\/"]}]},{"@type":"BreadcrumbList","@id":"https:\/\/www.rassegefluegel.com\/index.php\/impressum\/#breadcrumb","itemListElement":[{"@type":"ListItem","position":1,"name":"Startseite","item":"https:\/\/www.rassegefluegel.com\/"},{"@type":"ListItem","position":2,"name":"Impressum"}]},{"@type":"WebSite","@id":"https:\/\/www.rassegefluegel.com\/#website","url":"https:\/\/www.rassegefluegel.com\/","name":"Rassegefl\u00fcgelzucht Gnigler","description":"","publisher":{"@id":"https:\/\/www.rassegefluegel.com\/#\/schema\/person\/c5affc1c140cba40bc617dc56df22f0c"},"potentialAction":[{"@type":"SearchAction","target":{"@type":"EntryPoint","urlTemplate":"https:\/\/www.rassegefluegel.com\/?s={search_term_string}"},"query-input":{"@type":"PropertyValueSpecification","valueRequired":true,"valueName":"search_term_string"}}],"inLanguage":"de"},{"@type":["Person","Organization"],"@id":"https:\/\/www.rassegefluegel.com\/#\/schema\/person\/c5affc1c140cba40bc617dc56df22f0c","name":"G\u00fcnther Gnigler","image":{"@type":"ImageObject","inLanguage":"de","@id":"https:\/\/www.rassegefluegel.com\/#\/schema\/person\/image\/","url":"https:\/\/www.rassegefluegel.com\/wp-content\/uploads\/2021\/12\/IMGP7406-2.jpg","contentUrl":"https:\/\/www.rassegefluegel.com\/wp-content\/uploads\/2021\/12\/IMGP7406-2.jpg","width":645,"height":877,"caption":"G\u00fcnther Gnigler"},"logo":{"@id":"https:\/\/www.rassegefluegel.com\/#\/schema\/person\/image\/"},"description":"Obmann des Ktzv.E26 Neukirchen-V\u00f6cklabruck Vizepr\u00e4sident des Rassezuchtverbandes O\u00d6 Kleintierz\u00fcchter","sameAs":["http:\/\/localhost\/wordpress","https:\/\/www.facebook.com\/groups\/1841461572711239"]}]}},"_links":{"self":[{"href":"https:\/\/www.rassegefluegel.com\/index.php\/wp-json\/wp\/v2\/pages\/200","targetHints":{"allow":["GET"]}}],"collection":[{"href":"https:\/\/www.rassegefluegel.com\/index.php\/wp-json\/wp\/v2\/pages"}],"about":[{"href":"https:\/\/www.rassegefluegel.com\/index.php\/wp-json\/wp\/v2\/types\/page"}],"author":[{"embeddable":true,"href":"https:\/\/www.rassegefluegel.com\/index.php\/wp-json\/wp\/v2\/users\/1"}],"replies":[{"embeddable":true,"href":"https:\/\/www.rassegefluegel.com\/index.php\/wp-json\/wp\/v2\/comments?post=200"}],"version-history":[{"count":89,"href":"https:\/\/www.rassegefluegel.com\/index.php\/wp-json\/wp\/v2\/pages\/200\/revisions"}],"predecessor-version":[{"id":2745,"href":"https:\/\/www.rassegefluegel.com\/index.php\/wp-json\/wp\/v2\/pages\/200\/revisions\/2745"}],"wp:attachment":[{"href":"https:\/\/www.rassegefluegel.com\/index.php\/wp-json\/wp\/v2\/media?parent=200"}],"curies":[{"name":"wp","href":"https:\/\/api.w.org\/{rel}","templated":true}]}}